s the thousands digit of s?
1
Let b be ((120/50)/3)/(2/5). Suppose 4*c + 1151 = 5*r, -b*r - r - 3*c = -669. What is the tens digit of r?
2
Suppose 16*y - 50 + 2 = 0. Suppose 0*v + 3289 = -2*j - 3*v, -4911 = 3*j - y*v. What is the hundreds digit of j/(-6) - 28/(-42)?
2
Let o(b) = -8*b - 31. Let q be o(-4). Let p(f) = 18*f. Let d be p(q). Suppose d = 2*y - 364. What is the hundreds digit of y?
1
Suppose -5*b - 3*t + 14 = 0, 5*b + 2*t - 30 = 7*t. Suppose -b*s - 1128 = -s. What is the units digit of (s/(6 + -2))/(-1)?
4
Suppose 6*d - d + 2008 = 2*a, -4*a + 1604 = -4*d. Let c = d - -578. What is the units digit of c?
6
Let o be 2*5*2 + -1. Suppose -33*k + 2543 = 167. Suppose o + k = h. What is the units digit of h?
1
Suppose 2*g = -0*g - 444. Let t = g - -315. Let w = t + -31. What is the units digit of w?
2
Suppose 0 = 27*w - 156 - 492. Suppose 9 = 11*l - w. What is the units digit of l?
3
Let a = -9 - -9. Suppose -38 = -35*c + 102. Suppose -4*s - 5*d + 728 = a, -4*s + 308 + 416 = c*d. What is the units digit of s?
7
Let i = -833 - -4113. Suppose 5*l + 4*m - i = 0, 2*l + 6*m - 1300 = 2*m. What is the hundreds digit of l?
6
Let w(m) = m**3 - 6*m**2 + 9*m - 6. Let d be w(5). What is the tens digit of (132/d)/(11/308)?
6
Suppose b = -3*b + 20. Let c(s) be the second derivative of 5*s**3/3 + 5*s**2 + 502*s. What is the tens digit of c(b)?
6
Suppose -32 = -84*y + 83*y. Let o be (-26)/117 + y/(-18). What is the units digit of (9/o - -2)*(-2574)/65?
9
Suppose 0 = -l - 5*t + 106, 5*t = -4*l + 197 + 122. What is the tens digit of l?
7
Let f be (-34)/(5*(-7)/70). Suppose -161 = -v + f. What is the hundreds digit of v?
2
Let k be -27*4/12*-1. Suppose -4*l - 3*a + 897 = 0, -8*l = -k*l + a + 233. What is the units digit of l?
8
Let x = 1025 - 677. Let t = -166 + x. What is the tens digit of t?
8
Suppose 2*y - 11 = l, 2*y - 3*y - 5*l - 11 = 0. Let v be 1/2 + -38*y/16. Let k(t) = -t**2 - 12*t + 16. What is the tens digit of k(v)?
4
Suppose 0 = -4*s - 2*h - 16, -5*h = 10 + 10. What is the units digit of s/((-5)/(-15) - (-1389)/(-4113))?
7
Let c be -4*(-1 - -2) + (2 - 1). Let x be (c - 55/(-15))*-87. What is the units digit of (4/(-3))/(x/8787)?
2
What is the tens digit of 17/(204/313020) - -2?
8
Let l(v) = 310*v**2 - 12*v - 293. What is the ten thousands digit of l(17)?
8
Let q(t) = t**3 + 10*t**2 - t - 11. Let c be q(-10). Let z be (-11 + 7)*c/(-2). What is the hundreds digit of 3/(-6)*(z + 4)*-123?
1
Suppose -4*i + 7803 + 3921 = 0. What is the units digit of i?
1
Let x(w) = -3*w**3 - 6*w - 5. Let l be x(-1). Let b be l - -2 - 10/5. Suppose 2*f = 3*z - 44, 4*z - 2 = 5*z - b*f. What is the units digit of z?
8
Let w(o) = 154*o - 6531. What is the units digit of w(80)?
9
Let v(c) = -43*c + 9. Let f(k) be the first derivative of -11*k**2 + 4*k - 8. Let s(i) = -5*f(i) + 3*v(i). What is the tens digit of s(-4)?
8
Let t = 5932 + 6093. What is the hundreds digit of t?
0
Suppose -33*l + 12 = -31*l. Suppose -l*p + 42 = -13*p. What is the units digit of 8/p + 1280/24?
2
What is the tens digit of 10*26/13 + 23135?
5
Let n = -3379 + 7427. Suppose 0 = -9*d + d + n. What is the hundreds digit of d?
5
What is the thousands digit of 240/300*(-23365)/(-2) - -7?
9
Let g = -1446 + 2897. Let l = 2578 - g. What is the tens digit of l?
2
Let n = 1836 + -1522. What is the units digit of n?
4
Suppose 5*y - 4*a = 38, 0 = -y - 4*a + 1 - 3. Suppose 6*i - 3*i = y. Suppose -i*q = -4, -4*u - 2*q + 592 = -0*u. What is the units digit of u?
7
Let i(t) = t**2 + 17*t - 20. Let p be i(-16). Let o = p - -25. Let x = o - -13. What is the units digit of x?
2
Suppose -94 = 28*q + 802. Let b = q - -1669. What is the units digit of b?
7
Let t be 4 + 427/(-14)*-8. Let x = t - -351. What is the hundreds digit of x?
5
Suppose -33*q - 325197 = -4*s - 28*q, -81324 = -s - 7*q. What is the hundreds digit of s?
3
Suppose -40*j - 2*l + 28231 = -37*j, 5*j + 2*l - 47041 = 0. What is the hundreds digit of j?
4
Let b(h) = 8*h**3 + 10*h**2 - 53*h + 115. What is the hundreds digit of b(8)?
4
Suppose -4*u + 14 = -6. Suppose -u + 26 = 3*q. Suppose -q*y + 4*y = i - 312, -y + 104 = -5*i. What is the hundreds digit of y?
1
Suppose 0 = 5*n - 5*x + 5, -5*n - 2*x = -17 - 13. Let y = 486 - n. What is the units digit of y?
2
Let m(j) = 3*j**2 - 69*j - 161. What is the hundreds digit of m(-43)?
3
Let c = -18452 + 34641. What is the ten thousands digit of c?
1
Let k(b) = 10*b**3 - 3*b**2 - 7*b + 1. Let v(m) = -5*m**3 + 2*m**2 + 4*m - 1. Let j(y) = -3*k(y) - 5*v(y). Let w = 360 - 362. What is the tens digit of j(w)?
3
What is the hundreds digit of (-5)/((-150)/5) + (-51639)/(-18)?
8
Suppose -3*i + 5070 = -4*q - 1860, -5*q = 5*i - 11515. Let x = i + -1522. What is the units digit of x?
4
Suppose 28*a + 15363 = 5*v + 30*a, 2*v - 2*a - 6148 = 0. Let i = -1614 + v. What is the tens digit of i?
5
What is the tens digit of ((-553275)/(-1350))/(1/42)?
1
Suppose 2*i + 3*i = -3*f + 365, -2*i + f + 157 = 0. Suppose -2*y - i + 94 = 0. What is the units digit of y*3/9 + 161?
4
Let s(x) = 28*x + 104. Let o(a) = -a - 1. Let p(j) = -2*o(j) - s(j). What is the hundreds digit of p(-16)?
3
What is the hundreds digit of ((-958)/12 + 20/(-12))*-346?
1
Let m(l) = 4*l + 4. Let d be m(3). Suppose d*u = -73 - 7. What is the tens digit of 2/u + (1394/10 - -5)?
4
What is the hundreds digit of 856 - (10 - -10 - 34)?
8
Suppose 527823 + 615121 = 88*x. What is the ten thousands digit of x?
1
Let q(b) = -1544*b + 2. Suppose 10*p = 9*p, -5*n + 4*p - 5 = 0. What is the tens digit of q(n)?
4
Let d be 16/(-6)*(-45)/10*4939. What is the hundreds digit of d/352 - 6/16?
1
Let y(h) = -h + 42. Let o be y(17). What is the hundreds digit of (-81)/(2/(-5)*o/70)?
5
Suppose 5*w - 81055 = -5*u, 23*w + 16203 = u + 22*w. What is the thousands digit of u?
6
Suppose 3*v = 385 - 70. Let j = 155 + v. Let w = j + -149. What is the tens digit of w?
1
Suppose -1184115 = 536*d - 19218278 - 4072085. What is the hundreds digit of d?
2
Let t(i) = -13 + 33*i + 43*i - 52*i**2 + 2*i**3 - 69*i. What is the hundreds digit of t(26)?
1
What is the thousands digit of (231/14)/(-33)*(-1 + 1 + -18630)?
9
Suppose -o - 2*o - 354 = 0. Let p be (21/6)/7*o. Let f = p - -158. What is the tens digit of f?
9
Let v be (-306)/(-66) - (-8)/22. Suppose -1 - 5 = -3*t. Suppose 4*f = t*f + 3*r + 87, 3*f - v*r = 131. What is the tens digit of f?
4
Suppose 7*a = -182 + 119. What is the tens digit of (9/(-12))/(a/14328)?
9
Let j(u) = -6*u - 36. Let v be j(-6). Suppose -4*r - 4*c + 16 + 4 = 0, v = -5*c + 25. Suppose r*x + x - 93 = 0. What is the units digit of x?
3
Let n(s) = -7*s**3 - 11*s**2 + s + 28. What is the hundreds digit of n(-11)?
0
Let g be (-15516)/(-24)*272/12. Suppose 2*j = 36*j - g. What is the units digit of j?
1
Let i(o) = -7*o + 53. Let t be i(6). Suppose -t*u - 142 = -12*u. What is the hundreds digit of u?
1
What is the units digit of (257481/915)/(1/35)?
9
Let l be (33/(-2))/(((-36)/96)/(-1)). Suppose 0 = 4*i + 25 + 183. Let r = l - i. What is the units digit of r?
8
Let r(g) = -g**3 + 5*g**2 + g - 3. Let a be r(5). Let h be (62 - 0)/(2 - 3/a). Suppose 4*f + 3*y = f + 144, 5*y + h = 2*f. What is the units digit of f?
2
Let b(j) = -3*j + 44. Let z be b(15). Let u be (14 + z)*-26 + -4. Let t = -220 - u. What is the tens digit of t?
2
Suppose -4*r + 39052 = -14*y + 9*y, -2*r = 4*y - 19500. What is the tens digit of r?
5
Suppose 22720 = 4*n - 2832. What is the units digit of n?
8
Suppose -3*c - 965 = 1066. Let v = 1070 + c. What is the hundreds digit of v?
3
Let l be (-15 + 12)/(5/(-4560)). Suppose 9*i - 12159 = -l. What is the units digit of i?
7
Suppose 5*g = 5*f + 155, 89 = f - 4*f + 4*g. What is the units digit of (60/f)/(5/(-420)) + 1?
5
Suppose 269*a = 120*a + 3472743. What is the tens digit of a?
0
Suppose 3*o - 2422 = 4253. Suppose 4*b + 82 + 363 = -i, -2*b + o = -5*i. Let x = i - -643. What is the tens digit of x?
9
What is the tens digit of (-6)/(-8) - (-19711368)/2208?
2
Let f = -22 + 23. What is the tens digit of (269 - -2*f) + (-62)/(-31)?
7
Suppose -8458 = -75*a + 66723 + 19844. What is the units digit of a?
7
Let h = 103 + -101. Suppose -3*m + 5*u + 0*u + 895 = 0, 0 = u + h. What is the hundreds digit of m?
2
Suppose 0 = -2*t + 6*b + 3039 + 447, -2*t + 3546 = 4*b. What is the tens 